{"id":636,"date":"2020-03-10T11:50:32","date_gmt":"2020-03-10T10:50:32","guid":{"rendered":"https:\/\/iaaa.lis-lab.fr\/?page_id=636"},"modified":"2020-03-10T11:50:32","modified_gmt":"2020-03-10T10:50:32","slug":"ue-communication","status":"publish","type":"page","link":"https:\/\/iaaa.lis-lab.fr\/?page_id=636","title":{"rendered":"UE Communication"},"content":{"rendered":"<h1 style=\"text-align: center;\">UE Communication<\/h1>\n<div><\/div>\n<h3>Nature de l&rsquo;UE<\/h3>\n<div class=\"\">Il s\u2019agit pour un \u00e9tudiant de travailler sur un\/des article(s) scientifique(s), pendant la p\u00e9riode de mi novembre \u00e0 fin-janvier, et de pr\u00e9senter oralement son travail. Les sujets sont propos\u00e9s par l&rsquo;\u00e9quipe p\u00e9dagogique du parcours, vous pouvez si vous le souhaitez proposer un sujet (sous r\u00e9serve de validation par l&rsquo;\u00e9quipe p\u00e9dagogique du parcours).<\/div>\n<p>Le travail individuel est r\u00e9alis\u00e9 en coordination avec un encadrant, et est clos par une pr\u00e9sentation du travail r\u00e9alis\u00e9 autour de l&rsquo;article devant un jury, suivie de questions\/discussion<\/p>\n<p>Le volume de travail est cons\u00e9quent, et correspond \u00e0 une UE de 3ECTS.<\/p>\n<h3>Evaluation<\/h3>\n<ul>\n<li>La note donn\u00e9e par le jury sera bas\u00e9e uniquement sur la qualit\u00e9 de la pr\u00e9sentation orale et de la r\u00e9ponse aux questions<\/li>\n<li>Le format de la pr\u00e9sentation n&rsquo;est pas impos\u00e9 : l&rsquo;\u00e9tudiant pourra utiliser des diapos, le tableau, s&rsquo;appuyer sur des notes, etc.<\/li>\n<\/ul>\n<div class=\"\">\n<div class=\"\"><\/div>\n<\/div>\n<div class=\"\"><\/div>\n<div class=\"\">\n<h3>Calendrier approximatif<\/h3>\n<div class=\"\">* D\u00e9but Novembre : Choix des \u00e9tudiants<\/div>\n<div class=\"\">\u00a0* Fin Janvier : Soutenance orale<\/div>\n<div class=\"\"><\/div>\n<div class=\"\"><\/div>\n<\/div>\n","protected":false},"excerpt":{"rendered":"<p>UE Communication Nature de l&rsquo;UE Il s\u2019agit pour un \u00e9tudiant de travailler sur un\/des article(s) scientifique(s), pendant la p\u00e9riode de mi novembre \u00e0 fin-janvier, et de pr\u00e9senter oralement son travail. Les sujets sont propos\u00e9s par l&rsquo;\u00e9quipe p\u00e9dagogique du parcours, vous pouvez si vous le souhaitez proposer un sujet (sous r\u00e9serve de validation par l&rsquo;\u00e9quipe p\u00e9dagogique&hellip;<\/p>\n","protected":false},"author":3,"featured_media":0,"parent":0,"menu_order":0,"comment_status":"closed","ping_status":"closed","template":"","meta":{"footnotes":""},"class_list":["post-636","page","type-page","status-publish","hentry"],"_links":{"self":[{"href":"https:\/\/iaaa.lis-lab.fr\/index.php?rest_route=\/wp\/v2\/pages\/636","targetHints":{"allow":["GET"]}}],"collection":[{"href":"https:\/\/iaaa.lis-lab.fr\/index.php?rest_route=\/wp\/v2\/pages"}],"about":[{"href":"https:\/\/iaaa.lis-lab.fr\/index.php?rest_route=\/wp\/v2\/types\/page"}],"author":[{"embeddable":true,"href":"https:\/\/iaaa.lis-lab.fr\/index.php?rest_route=\/wp\/v2\/users\/3"}],"replies":[{"embeddable":true,"href":"https:\/\/iaaa.lis-lab.fr\/index.php?rest_route=%2Fwp%2Fv2%2Fcomments&post=636"}],"version-history":[{"count":1,"href":"https:\/\/iaaa.lis-lab.fr\/index.php?rest_route=\/wp\/v2\/pages\/636\/revisions"}],"predecessor-version":[{"id":637,"href":"https:\/\/iaaa.lis-lab.fr\/index.php?rest_route=\/wp\/v2\/pages\/636\/revisions\/637"}],"wp:attachment":[{"href":"https:\/\/iaaa.lis-lab.fr\/index.php?rest_route=%2Fwp%2Fv2%2Fmedia&parent=636"}],"curies":[{"name":"wp","href":"https:\/\/api.w.org\/{rel}","templated":true}]}}